{"id":191,"date":"2021-03-07T17:09:34","date_gmt":"2021-03-07T17:09:34","guid":{"rendered":"http:\/\/g-creation.eu\/?page_id=191"},"modified":"2022-01-30T18:30:52","modified_gmt":"2022-01-30T18:30:52","slug":"spielleute-uniformen","status":"publish","type":"page","link":"http:\/\/g-creation.eu\/?page_id=191","title":{"rendered":"Spielleute Uniformen"},"content":{"rendered":"\n<p><strong>Uniformrock &#8222;Classic&#8220;<\/strong><br>&#8211; klassischer Uniformrock mit zwei Kellerfalten<br>&#8211; Oberstoff 65% BW und 35% PE in K\u00f6perbindung<br>&#8211; Unifarben<br><br><strong>Uniform &#8222;Deluxe&#8220;<\/strong><br>&#8211; klassischer Uniformrock mit zwei Kellerfalten mit farbigen Eins\u00e4tzen<br>&#8211; Oberstoff 65% BW und 35% PE in K\u00f6perbindung<br>&#8211; Unifarben<\/p>\n\n\n\n<p><strong>Uniformrock &#8222;New Style&#8220;<\/strong><br>&#8211; Uniformrock nach Vorstellung<br>&#8211; mit oder ohne farbigen Eins\u00e4tzen<br>&#8211; Oberstoff 65% BW und 35% PE in K\u00f6perbindung<br><br><br><strong>Uniformhose &#8222;Classic&#8220;<\/strong><br>&#8211; klassiche, gerade geschnittene Uniformhose<br>&#8211; B\u00fcgelfalte und Ges\u00e4\u00dftasche<br>&#8211; Oberstoff 65% BW und 35% PE in K\u00f6perbindung<br>&#8211; Unifarben<br><br><strong>Uniformhose &#8222;Deluxe&#8220;<\/strong><br>&#8211; klassiche, gerade geschnittene Uniformhose<br>&#8211; mit Farbeins\u00e4tzen<br>&#8211; fixierte B\u00fcgelfalten und Ges\u00e4\u00dftasche<br>&#8211; Oberstoff 65% BW und 35% PE in K\u00f6perbindung<br>&#8211; Unifarben<br><br><br><\/p>\n","protected":false},"excerpt":{"rendered":"<p>Uniformrock &#8222;Classic&#8220;&#8211; klassischer Uniformrock mit zwei Kellerfalten&#8211; Oberstoff 65% BW und 35% PE in K\u00f6perbindung&#8211; Unifarben Uniform &#8222;Deluxe&#8220;&#8211; klassischer Uniformrock mit zwei Kellerfalten mit farbigen Eins\u00e4tzen&#8211; Oberstoff 65% BW und 35% PE in K\u00f6perbindung&#8211; Unifarben Uniformrock &#8222;New Style&#8220;&#8211; Uniformrock nach Vorstellung&#8211; mit oder ohne farbigen Eins\u00e4tzen&#8211; Oberstoff 65% BW und 35% PE in K\u00f6perbindung Uniformhose &hellip; <\/p>\n<p class=\"link-more\"><a href=\"http:\/\/g-creation.eu\/?page_id=191\" class=\"more-link\"><span class=\"screen-reader-text\">\u201eSpielleute Uniformen\u201c<\/span> weiterlesen<\/a><\/p>\n","protected":false},"author":1,"featured_media":0,"parent":0,"menu_order":0,"comment_status":"closed","ping_status":"closed","template":"","meta":[],"_links":{"self":[{"href":"http:\/\/g-creation.eu\/index.php?rest_route=\/wp\/v2\/pages\/191"}],"collection":[{"href":"http:\/\/g-creation.eu\/index.php?rest_route=\/wp\/v2\/pages"}],"about":[{"href":"http:\/\/g-creation.eu\/index.php?rest_route=\/wp\/v2\/types\/page"}],"author":[{"embeddable":true,"href":"http:\/\/g-creation.eu\/index.php?rest_route=\/wp\/v2\/users\/1"}],"replies":[{"embeddable":true,"href":"http:\/\/g-creation.eu\/index.php?rest_route=%2Fwp%2Fv2%2Fcomments&post=191"}],"version-history":[{"count":4,"href":"http:\/\/g-creation.eu\/index.php?rest_route=\/wp\/v2\/pages\/191\/revisions"}],"predecessor-version":[{"id":232,"href":"http:\/\/g-creation.eu\/index.php?rest_route=\/wp\/v2\/pages\/191\/revisions\/232"}],"wp:attachment":[{"href":"http:\/\/g-creation.eu\/index.php?rest_route=%2Fwp%2Fv2%2Fmedia&parent=191"}],"curies":[{"name":"wp","href":"https:\/\/api.w.org\/{rel}","templated":true}]}}